 + 2982. What is the hundreds digit of w?
2
Suppose 13*z = 12*z + 271. What is the tens digit of z?
7
Let j(s) = -3*s**2 + 0 + s**3 - 7 - 8*s - 5 - 7*s**2. What is the units digit of j(11)?
1
Suppose 143459 = 223*z - 182*z. What is the thousands digit of z?
3
Let x(b) = 2*b**2 - 24*b - 2. What is the units digit of x(28)?
4
Suppose 3*t - 3*f - 35 = 148, 0 = -t - 3*f + 53. What is the units digit of t?
9
Let f = 1925 - -2212. What is the tens digit of f?
3
Suppose -2*l - 174 = -4*l - 4*q, 84 = l - q. Suppose -4*d + f - l = -295, 0 = d + 3*f - 46. What is the units digit of d?
2
Let o be (-640)/(-36) - 2/(-9). Suppose -5*j = -3*h - 2*h - 25, 0 = 5*j - 2*h - 28. Suppose o = y - j. What is the units digit of y?
4
Suppose -3*t + 2*t - 196 = 0. Let l = -60 - t. What is the tens digit of l?
3
Let f(y) = y**2 + 3*y - 18. What is the tens digit of f(17)?
2
Let k be 4/(-18) - (-66)/54. Let w be k/((-4)/(-380)*1). Suppose 5*h - 125 = v, 7*h - 2*h + 5*v - w = 0. What is the units digit of h?
4
Let b = -2 - 1. Let p = 1 - b. Suppose -r - 2*g = -43 + 6, p*g + 12 = 0. What is the tens digit of r?
4
Suppose -5*q = -4*q + 9. Let t = 56 - q. What is the tens digit of t?
6
Let f be (0 - -240)/(2/(-4) - -2). Let g(b) = 2*b**2 - 6*b + 4. Let p be g(4). What is the units digit of f/12*p/8?
0
Let f(n) = -8*n + 34. Let t be f(5). What is the units digit of ((-9)/t)/(6/332)?
3
Let n = -10525 - -15456. What is the tens digit of n?
3
Let b = 15 + -16. Let c be 5 - (-3)/3*b. Suppose -5*l - c*q = -11, 2 = l - 0*l + q. What is the units digit of l?
3
Suppose 5*g - 507 = 2*g - 2*z, 5*g - 5*z = 820. What is the units digit of g?
7
Suppose a - 101 = -28. What is the units digit of a?
3
Let a(r) = 37*r - 6. Let h be a(10). Suppose -9*c + 176 = -h. What is the tens digit of c?
6
Suppose 2*h - 3*b = -0*b + 1172, b + 2943 = 5*h. What is the tens digit of h?
8
What is the tens digit of 195/6*(-104)/(-65)?
5
Suppose 0*g - 426 = 2*g. What is the tens digit of 2/(-14) - g/21?
1
Suppose 18*t - 1183 = 14*t - 5*r, -t = r - 295. What is the hundreds digit of t?
2
Suppose 3*p + 198 = 4*d + 22, 0 = 4*d - p - 168. What is the units digit of d?
1
Suppose 5*z = 2*z + 45. What is the units digit of 5*(-5)/(-2)*18/z?
5
Let r be (9 - 4)*(28 + -1). Suppose -134*z = -r*z + 221. What is the hundreds digit of z?
2
Suppose 5*f + 12 = -8. Let p be -1 + 1/(f/(-232)). Suppose 2*q - p - 3 = 0. What is the tens digit of q?
3
Let c(l) = -l**2 - 3*l + 12. What is the units digit of c(0)?
2
What is the tens digit of 2/10*(-26 - -20)*-995?
9
Suppose -4*n - 5 + 1 = 0, -2*i - 3 = -3*n. Let p = i + 34. What is the tens digit of p?
3
Let y(s) = s**2. Let t be y(6). What is the units digit of (2 - 4)/((-44)/t - -1)?
9
Let f(j) = j**3 - 4*j**2 + 2*j + 2. Let u be f(2). Let m(y) = -y**2 - 3. Let i be m(0). What is the units digit of (-4 + -29 - i)*u?
0
Suppose -3*l - 3*w - 40 = -1123, 0 = 4*w - 4. Suppose -2*h = -7*h - l. Let g = -42 - h. What is the tens digit of g?
3
Let k(r) = 3*r - 23. Let m be k(11). Suppose 0 = -7*x + m*x - 12. What is the units digit of 14 + x + 4 - 3?
9
Let f(m) be the second derivative of -m**4/12 - 8*m**3/3 - m**2 - m - 22. What is the units digit of f(-11)?
3
Let z(q) = -q**2 + 5*q + 3. Let t(i) = -i**3 + i - 1. Let g be t(0). Let l(k) = -6*k**3 - k**2 - k - 1. Let u be l(g). What is the units digit of z(u)?
3
Let p = 3 - 6. Let h(l) = -l**3 - 3*l**2 + 3. Let r be h(p). Suppose -61 = -r*w - 19. What is the tens digit of w?
1
Let c(x) = x + 53. Let r be c(0). Suppose 0 = 4*i - 3*i - r. Let z = -38 + i. What is the units digit of z?
5
Let o(u) = -10*u + u**2 - u + 4*u. Let q be o(7). Suppose q = 3*z + z - 24. What is the units digit of z?
6
Let v = -4927 + 6920. What is the tens digit of v?
9
Let t be 70 + (42/15 - (-20)/(-25)). What is the tens digit of 8624/t + (-2)/(-9)?
2
Let k = -6 - -100. What is the units digit of k?
4
Let t(c) = 79*c**2 - 8*c + 4. What is the hundreds digit of t(3)?
6
Suppose 0 = -k + 1609 + 660. What is the hundreds digit of k?
2
Let s(k) = 12*k**2 - 7*k - 12. Let u be s(7). Let v = -308 + u. What is the tens digit of v?
1
Suppose 0 = -5*f + 6 + 14. Let x(w) = -9*w + 3. Let t be x(-9). Suppose t = -s + f*s. What is the units digit of s?
8
Let o be 1533/12 - (-2)/8. Let h = o - 75. Suppose 3*z - h = 7. What is the tens digit of z?
2
Suppose 0 = 4*f + q - 2188, 3*f + 30*q - 32*q = 1652. What is the units digit of f?
8
Let n(l) = -l**2 - 9*l - 12. Let x be n(-8). What is the units digit of 2/(968/(-244) - x)?
1
Suppose 5*i - 3*v + 411 = 3019, 0 = -2*i - 2*v + 1056. What is the tens digit of i?
2
Let m(c) = -7*c. Let k be m(0). What is the tens digit of (5/(-1))/5 + (k - -16)?
1
Let a = 59 - 54. What is the tens digit of (a/(25/14))/(4/40)?
2
Let u = -34 + 36. Suppose -5*h = 25, i + u*i - 197 = -2*h. What is the tens digit of i?
6
Suppose -2*j + 84 + 0 = -4*s, 0 = -2*s - 3*j - 26. Let a = 19 + s. Suppose a = -5*h - k + 215, 2*h + 0*h - 3*k - 103 = 0. What is the units digit of h?
4
Let z = 71 - 63. Suppose -z*t = -288 - 360. What is the tens digit of t?
8
Suppose -3*b - 1756 - 1831 = -4*j, -903 = -j + 2*b. What is the hundreds digit of j?
8
Suppose 396*a - 1206 = 387*a. What is the units digit of a?
4
Let v = -87 - -90. Suppose 725 = 5*x + v*f, 3*f - f = 0. What is the hundreds digit of x?
1
Let i(r) = r**3 + 20*r**2 - 126*r - 22. Let b be i(-25). Suppose -9 = -3*v - 3. Suppose -b*q - v*q = -275. What is the tens digit of q?
5
Suppose -3*r = -2*m - 9, 0*r = -5*r + 2*m + 15. Suppose -318 = z - 3*z + 4*w, 2*w = r*z - 473. What is the units digit of z?
7
Suppose 0*s + 70 = 7*s. What is the units digit of 618/s - (-44)/(-55)?
1
Let q be 0 + ((-60)/(-1))/3. Suppose -a = -5*o + q, 0*o - o = -a. What is the units digit of a?
5
Let u be ((-324)/14)/((-1)/7). Suppose u = n + 2*f + 61, -f = 3*n - 328. What is the hundreds digit of n?
1
Let q(o) = -o + 7. Let i be q(-5). Suppose 10*m = i*m - 136. What is the tens digit of m?
6
Let a = 5384 - 2501. What is the thousands digit of a?
2
Suppose c - 5*y - 1215 = 2*c, -5*c - 2*y - 6052 = 0. What is the units digit of 5/(45/(-2)) + c/(-18)?
7
Suppose 4*x - 88 = 2*d, 37 = 3*x + 4*d - 7. Suppose x = 2*m - 12. Let i = 41 - m. What is the tens digit of i?
2
Let c = -4 - -6. Suppose -676 = -c*h + 98. What is the tens digit of h/15 - (-4)/20?
2
Let c = 135 - 67. Suppose 2*n = 4*n + 5*t - c, -2*n = t - 60. What is the units digit of n?
9
Let g = 231 + -17. What is the units digit of g?
4
Let c = 1498 - 732. What is the units digit of c?
6
Suppose -5*l = -l - 260. What is the tens digit of l?
6
Let z(w) = 20*w + 8. Let d be z(6). Suppose j - d = 3*a, 2*j - 3*j - a = -140. What is the tens digit of j?
3
Let n(z) = 14*z**2 - 6*z - 10. Let v be n(-4). What is the tens digit of 65/(-39) - v/(-6)?
3
Let v = -9172 + 13496. What is the units digit of v?
4
Let w(r) = 12*r**2 + 9*r - 4. Let v be w(5). Suppose 0 = -6*s + v + 205. What is the units digit of s?
1
Suppose -13*x + 13 = -0*x. What is the tens digit of (2/3)/(x + (-2308)/2316)?
9
Suppose -16 - 19 = -4*x + 5*y, -4*y = 12. Let b(h) = 3*h**2 - 2*h - 6. What is the tens digit of b(x)?
5
Suppose 0 = -7*i - 7*i + 40880. What is the hundreds digit of i?
9
What is the thousands digit of (-42)/(-357) + 111837/51?
2
Let n(u) = -2*u**3 - 16*u**2 - 14*u - 28. What is the tens digit of n(-9)?
6
What is the hundreds digit of (-77)/(-22)*(-1416)/(-3)?
6
Let f be (-6)/15*25/(-5). Suppose -7*t + 28 = -3*t. Suppose o + f = t. What is the units digit of o?
5
Suppose -3*d - 1612 = -7*d. Suppose -5*l - 138 + d = 3*i, 4*l - 2*i - 234 = 0. What is the tens digit of l?
5
Let a(f) = -f**2 + 13*f - 8. Let n be a(12). Suppose 3*w - 3*i = 246, 2*i + 249 = n*w - w. What is the units digit of w?
5
Suppose 2*w + 4 = d + 3*d, 5*w + 22 = -2*d. What is the hundreds digit of 93*2/9*(10 + w)?
1
Suppose -2*m = -m + 3*z + 32, z + 174 = -5*m. Let f be -3 - (m/(-1) + -2). Let n = f - -67. What is the tens digit of n?
3
Let k = -93 - -100. Let a(b) = 11*b + 33. What is the hundreds digit of a(k)?
1
Let k(j) be the third derivative of j**6/120 + j**5/10 + j**4/12 + 7*j**3/6 + 11*j**2. What is the units digit of k(-5)?
2
Let p(i) = -i**3 - 2*i**2 + 5*i + 2. Let r be p(-4). Let f = r - -80. What is the tens digit of f?
9
Suppose -o